{"id":12,"date":"2019-01-22T14:55:53","date_gmt":"2019-01-22T14:55:53","guid":{"rendered":"http:\/\/wp.kost-ferienwohnung.de\/?page_id=12"},"modified":"2025-02-04T17:10:54","modified_gmt":"2025-02-04T17:10:54","slug":"wir-ueber-uns","status":"publish","type":"page","link":"https:\/\/kost-ferienwohnung.de\/","title":{"rendered":"Wir \u00fcber uns"},"content":{"rendered":"\n<h2 class=\"wp-block-heading\">Wir hei\u00dfen Sie herzlich willkommen!<\/h2>\n\n\n<div class=\"wp-block-image\">\n<figure class=\"alignleft is-resized\"><img loading=\"lazy\" decoding=\"async\" width=\"180\" height=\"150\" src=\"https:\/\/kost-ferienwohnung.de\/wp-content\/uploads\/2019\/01\/index_haus.jpg\" alt=\"\" class=\"wp-image-167\" style=\"width:174px;height:auto\"\/><\/figure><\/div>\n\n\n<p class=\"has-small-font-size\">Unsere Ferienwohnung liegt in gepflegter, ruhiger Lage am Ortsrand von Menden (Sauerland) im Dorf Halingen in guter Verkehrsanbindung. <\/p>\n\n\n\n<p class=\"has-small-font-size\">Die neu eingerichtete 47 qm Komfort-Ferienwohnung bietet Platz f\u00fcr 1 bis 4 Personen. Sie verf\u00fcgt \u00fcber einen separaten Eingang und einen romantischen Garten.  <\/p>\n\n\n\n<p class=\"has-small-font-size\">Sie erholen sich in idyllischer Umgebung direkt an Wald und Feld. Einen kostenlosen Parkplatz finden Sie direkt vor der T\u00fcr.<br>Nichtraucher, leider keine Haustiere.<br><br>Familie Kost<\/p>\n","protected":false},"excerpt":{"rendered":"<p>Wir hei\u00dfen Sie herzlich willkommen! Unsere Ferienwohnung liegt in gepflegter, ruhiger Lage am Ortsrand von Menden (Sauerland) im Dorf Halingen in guter Verkehrsanbindung. Die neu eingerichtete 47 qm Komfort-Ferienwohnung bietet Platz f\u00fcr 1 bis 4 Personen. Sie verf\u00fcgt \u00fcber einen separaten Eingang und einen romantischen Garten. Sie erholen sich in idyllischer Umgebung direkt an Wald &hellip; <\/p>\n<p class=\"link-more\"><a href=\"https:\/\/kost-ferienwohnung.de\/\" class=\"more-link\"><span class=\"screen-reader-text\">\u201eWir \u00fcber uns\u201c<\/span> weiterlesen<\/a><\/p>\n","protected":false},"author":2,"featured_media":0,"parent":0,"menu_order":0,"comment_status":"closed","ping_status":"closed","template":"","meta":{"footnotes":""},"class_list":["post-12","page","type-page","status-publish","hentry"],"_links":{"self":[{"href":"https:\/\/kost-ferienwohnung.de\/index.php?rest_route=\/wp\/v2\/pages\/12","targetHints":{"allow":["GET"]}}],"collection":[{"href":"https:\/\/kost-ferienwohnung.de\/index.php?rest_route=\/wp\/v2\/pages"}],"about":[{"href":"https:\/\/kost-ferienwohnung.de\/index.php?rest_route=\/wp\/v2\/types\/page"}],"author":[{"embeddable":true,"href":"https:\/\/kost-ferienwohnung.de\/index.php?rest_route=\/wp\/v2\/users\/2"}],"replies":[{"embeddable":true,"href":"https:\/\/kost-ferienwohnung.de\/index.php?rest_route=%2Fwp%2Fv2%2Fcomments&post=12"}],"version-history":[{"count":28,"href":"https:\/\/kost-ferienwohnung.de\/index.php?rest_route=\/wp\/v2\/pages\/12\/revisions"}],"predecessor-version":[{"id":220,"href":"https:\/\/kost-ferienwohnung.de\/index.php?rest_route=\/wp\/v2\/pages\/12\/revisions\/220"}],"wp:attachment":[{"href":"https:\/\/kost-ferienwohnung.de\/index.php?rest_route=%2Fwp%2Fv2%2Fmedia&parent=12"}],"curies":[{"name":"wp","href":"https:\/\/api.w.org\/{rel}","templated":true}]}}